v + 212 = -p. List the prime factors of u.
3, 19
Let v(m) = -41*m - 10. Let j be (1*-2 - 0) + 20 + -23. List the prime factors of v(j).
3, 5, 13
Let h(u) = 5*u**2 + 64*u - 16. Let w be h(-14). Suppose w + 82 = 10*i. List the prime factors of i.
3, 5
Suppose b = -2*w - 1, 0 = 3*w + b - 4*b + 6. Let q(c) = -777*c**3 + 2*c**2 - 10*c - 11. What are the prime factors of q(w)?
2, 389
Suppose 32*h + 2*h = -15*h + 673309. List the prime factors of h.
7, 13, 151
Let o(j) = -2*j**3 + 12*j**2 - 8*j - 3. Let z be o(6). List the prime factors of (z/(-51))/((-1)/(-789)).
3, 263
Let p = 18270 + -8110. List the prime factors of p.
2, 5, 127
Let o(h) = 11*h - 3. Let l be 1 + 16*4/(1 + 3). Let y = 20 - l. What are the prime factors of o(y)?
2, 3, 5
Let m be 576/27 + (-1)/3. Let y = 470 + m. What are the prime factors of y?
491
Let u(f) = -442*f + 357. What are the prime factors of u(-19)?
5, 17, 103
Suppose 4*f + 0*f = -3*c + 29, -f - 4*c = -17. Suppose 6*g + f = 35. Suppose -y - g*o + 0*o + 120 = 0, 0 = y + o - 124. What are the prime factors of y?
5
Let w(i) = -14*i**2 - 4*i - 1. Let y(o) = 14*o**2 + 4*o + 2. Let x = 69 + -67. Let p(c) = x*w(c) + 3*y(c). List the prime factors of p(-2).
2, 13
Let g = -521 - -1900. Suppose v + 5*t - 4*t = g, 2753 = 2*v + t. What are the prime factors of v?
2, 3, 229
Let i = 3 + -2. Let k(b) = -b**2 - 5*b + 497. Let y be k(-25). List the prime factors of (1 + 575/(-15))/(i/y).
2, 7
Let t(k) = 7*k**2 - 2*k + 93. Let j(u) = -18*u**2 + 5*u - 185. Let i(r) = 2*j(r) + 5*t(r). Let n = 5 - 5. List the prime factors of i(n).
5, 19
Let h(w) = -3*w**3 + 69*w**2 + 74. List the prime factors of h(18).
2, 2467
Suppose 0 = -3*w - 35 + 29. What are the prime factors of w/13 - (-3720)/13?
2, 11, 13
Let r = 650 - -8424. List the prime factors of r.
2, 13, 349
Let a(j) = 194*j**2 + 71*j + 398. List the prime factors of a(-14).
2, 3, 3119
Suppose 2*d - 142 = -l, 3*l - 434 = -120*d + 115*d. What are the prime factors of l?
2, 79
Let r be 6/(-15) - (-278)/(-5). Let j = r - -54. List the prime factors of (-1)/j*-6 + 94.
7, 13
Let f(d) be the second derivative of 9*d**3 - d**2 - 15*d. Let x be f(-1). Let b = x - -106. List the prime factors of b.
2, 5
Let x(q) = 2*q**3 + 2*q**2 - 6. Let h be x(-4). Let r = 101 + h. What are the prime factors of 35/(0 - -5) + (2 - r)?
2, 5
Let f(i) = -4*i + 245. Let z be f(0). Let p = z - 77. List the prime factors of p.
2, 3, 7
Let z(k) be the second derivative of 5*k**4/12 - 2*k**3 + 2*k**2 - 8*k + 4. What are the prime factors of z(-6)?
2
Let p(n) = -n**3 - 43*n**2 + 121*n - 304. List the prime factors of p(-50).
2, 5573
Let v(q) = q**2 - 12*q - 40. Let k be v(-3). Let t(d) = 46*d - 7. List the prime factors of t(k).
223
Suppose -6 + 0 = -v - 2*f, -2*v - 3*f = -10. Suppose -v*u = 6, 0 = -4*b + u + 36 + 67. Suppose 2*s = b + 197. What are the prime factors of s?
3, 37
Suppose 3*m + 0*m - 6 = 0. Suppose -m*s + 146 = -4*x, x - 274 = -4*s - 0*x. Let q = 130 - s. List the prime factors of q.
61
Let k = -2926 + 6133. List the prime factors of k.
3, 1069
What are the prime factors of 4/(-6) - (-875514)/369?
2, 593
Suppose 0 = 19*s - 30*s + 44. Suppose s*f = -4*f + 472. List the prime factors of f.
59
Let b(w) be the first derivative of 2*w**3/3 - 11*w**2/2 + w - 7. Let c be b(-4). Let j = 117 - c. List the prime factors of j.
2, 5
Suppose 1 - 10 = 3*w, -3*w + 109667 = 4*x. List the prime factors of x.
7, 3917
Suppose -49588 - 988911 = -91*p + 1388198. List the prime factors of p.
3, 2963
Let s = 47 + -26. Let c = s + -16. Suppose -6*x + 2*x = c*d - 70, 15 = 2*d - x. List the prime factors of d.
2, 5
Suppose 0 = 11*d + 14*d + 8*d - 2110944. What are the prime factors of d?
2, 1999
Suppose -12*v + 76125 = -16*v + 9*v. What are the prime factors of v?
3, 5, 7, 29
Let d(p) be the second derivative of p**5/20 + 9*p**4/4 + 10*p**3/3 + 3*p**2 - 42*p. List the prime factors of d(-26).
2, 3
Let h(s) = s - 8. Let d be h(10). Suppose -d*q + 3*q = 269. List the prime factors of q.
269
Let z = -13 + 41. What are the prime factors of -3*(22 + -19 - z/3)?
19
List the prime factors of 1113/6*360/63.
2, 5, 53
Suppose 0 = -9266*r + 9230*r - 288. Suppose -2*q + 4*j - 13 - 13 = 0, q = -4*j + 17. What are the prime factors of (3 - q)*r/(-12)?
2
Suppose 0 = -5*h + 835 + 385. Suppose -m + h = -3*y - 270, -5*y - 2580 = -5*m. List the prime factors of m.
11, 47
Let p(z) = 45*z - 22. Let o(q) = -q**2 - 2*q + 2. Let t(g) = -4*o(g) - p(g). List the prime factors of t(19).
5, 151
Let k be (2 - 5)*92/3. Let o = -211 - k. What are the prime factors of -1*1/(2 - (-239)/o)?
7, 17
Suppose 0*l + 16 = l. Let x = 7 + -2. Suppose k - l = x*k, k = -5*f + 266. What are the prime factors of f?
2, 3
Let q = 519 + -436. Suppose -q*f + 4270 = -76*f. What are the prime factors of f?
2, 5, 61
Suppose 2*l = -12, -c + 4*l + 14848 = 242. What are the prime factors of c?
2, 23, 317
Let i = 7234 + -3902. Suppose 2697 = 4*g - 5*t - i, 3*g - 4521 = 4*t. List the prime factors of g.
1511
Suppose v + 0 = 3*n - 7, 3*n = -2*v + 4. Suppose 5*c + 2*d - 131 = 31, -3*c + 93 = -3*d. List the prime factors of 1576/c - v/(-4).
7
Suppose r = 2*m - 13, r + 5*m = 2*r + 7. List the prime factors of (-6054)/(-17) + 2/r.
2, 89
Suppose -4*j + 5*o + 112215 = 0, -4*j + 3*o - 28058 = -5*j. What are the prime factors of j?
5, 31, 181
Let w = 56 + -273. Let h = 863 - 552. Let f = h + w. List the prime factors of f.
2, 47
Suppose 0 = -52*i + 53*i - 1611. Suppose 4*d - 3*p - 4351 + i = 0, 2*p = -5*d + 3402. What are the prime factors of d?
2, 11, 31
Suppose 5*y - 71641 = w, 4*y - w = 1492 + 55820. List the prime factors of y.
7, 23, 89
Suppose 2 = a - 0*a. Suppose -o - a*p - 10 = 0, -p - 5 = -0*o - o. Suppose o*w - 3*w + 366 = -3*d, -2*w = d - 253. List the prime factors of w.
5
Let p = 72 + -92. What are the prime factors of (-138)/p + (-22)/(-220)?
7
Let h be (17/(-4))/(2/(-8) + 0). Let q(t) = 9*t + 5. Let z be q(3). Let n = z - h. List the prime factors of n.
3, 5
Let q(h) = -5*h**2 - 12*h**2 - h**3 + 23*h**2 + 3*h**2 - 5*h + 79. What are the prime factors of q(8)?
103
Let o(y) = 2*y**2 - 67*y - 23. Let c be o(34). Let f(g) = 2*g**2 - 18*g - 30. What are the prime factors of f(c)?
2, 7
Suppose 27*u = 85*u - 1719294. List the prime factors of u.
3, 41, 241
Suppose 5*a = 2*h - 9011, 59*a - 60*a = 5*h - 22568. What are the prime factors of h?
4513
Let i(r) = 3*r**2 - 2*r + 18. Let x(y) = 2*y**2 - y + 18. Let h = -40 + 44. Let p(f) = h*i(f) - 5*x(f). List the prime factors of p(9).
3, 13
Suppose 83*g - 75*g - 176 = 0. Let o = g + -5. List the prime factors of o.
17
Suppose 2*w - 8 = 10*w. Let c be 3/(((-3)/5)/w). Suppose 95 = 3*g - c*s, -3*s - 62 = -3*g + g. What are the prime factors of g?
5
List the prime factors of 4*1/(-7)*1 + (-4034901)/(-2149).
1877
Suppose 0 = -31805*k + 31820*k - 445515. What are the prime factors of k?
7, 4243
Suppose 0 = 3*z + 3*v - 12, 0 = -z - 5*v - 12 + 24. What are the prime factors of (-656)/(-4) - (-5 - z)?
3, 19
Let a = -42 - -45. Suppose 0 = -n - c + 546, a*n - 2730 = -2*n + c. List the prime factors of n.
2, 3, 7, 13
Suppose 41*b = 51*b + 42590. List the prime factors of 4/(-84)*9 - b/7.
2, 19
Let s(f) = 34*f - 43. Suppose 0 = 5*n + 5*k - 15, 3*n = 2*k + 3*k + 33. List the prime factors of s(n).
7, 23
List the prime factors of 60 + 43037 - 12/(-4).
2, 5, 431
Let z(w) = 545*w + 1755. Let m(g) = 32*g + 103. Let p(y) = -35*m(y) + 2*z(y). List the prime factors of p(-23).
5, 7, 17
Suppose 0 = -6*b - 9 - 3. Let a be (-1)/((-3)/12*b/(-1446)). List the prime factors of -1*(4/14 - a/28).
103
Suppose 7*o + 103503 = 291432. List the prime factors of o.
3, 19, 157
List the prime factors of -1 + (-234)/156*(-3321 + -1).
2, 47, 53
Let w be (-4 - -6)*-22 + 0. Let r be 18/(-22) + 8/w. What are the prime factors of 3 - (r + -89 - 4)?
97
Let t = 19 + -10. Suppose 2 = -3*v - 3*d - 1, -t = -3*d. What are the prime factors of v/18 - (-173)/9?
19
Suppose 56 = 2*p + 84. Let m be ((-10)/p - 1) + 32000/(-112). Let d = m - -562. What are the prime factors of d?
2, 3, 23
Let k = 7139 - 2672. Suppose -3*b = -8*b + 3*v - 7479, 3*b + 5*v = -k. What are the prime factors of b/(-12) - (-1)/(-2)?
2, 31
Let f(s) = s**3 - 3*s**2 + 78*s - 67. What are the prime factors of f(20)?
8293
Let d be 